24?
56
In base 13, what is -42 - 23?
-65
In base 4, what is -3 + -1202?
-1211
In base 11, what is 2 + 511?
513
In base 11, what is 423 + -21?
402
In base 14, what is -3 + -68?
-6b
In base 4, what is 21020 + -22?
20332
In base 5, what is -1 + 2111?
2110
In base 13, what is -3 - 799?
-79c
In base 12, what is -16 - 0?
-16
In base 3, what is -1 + 1122?
1121
In base 3, what is 10101 - 210?
2121
In base 12, what is 1063 - 3?
1060
In base 2, what is -110101001 - 1101?
-110110110
In base 9, what is -2 + 218?
216
In base 9, what is 8 - 40?
-31
In base 16, what is -9 - 299?
-2a2
In base 6, what is 5 - -304?
313
In base 11, what is -1 - 15?
-16
In base 2, what is -101 + 10111?
10010
In base 7, what is 5 - -26464?
26502
In base 4, what is -2 - -212?
210
In base 8, what is -31 - -45?
14
In base 5, what is -11 + 0?
-11
In base 12, what is -11 - 8?
-19
In base 16, what is -a + -579?
-583
In base 15, what is -30 + 3?
-2c
In base 2, what is -100101 + -1010011?
-1111000
In base 10, what is 3 - 487?
-484
In base 7, what is -656 + -4?
-663
In base 9, what is -3 - -1432?
1428
In base 13, what is 362 - 5?
35a
In base 14, what is -344 + b?
-337
In base 10, what is 87 + 6?
93
In base 7, what is 20 + -12?
5
In base 12, what is 42 + b?
51
In base 16, what is ee5 + 2?
ee7
In base 12, what is -30 + 6?
-26
In base 7, what is 124 - 1?
123
In base 5, what is -401 - -141?
-210
In base 16, what is -3598 - 3?
-359b
In base 7, what is 4 + -435?
-431
In base 10, what is -6610 - -5?
-6605
In base 12, what is -80 - -4?
-78
In base 2, what is -11 - 1011100?
-1011111
In base 16, what is -1e0 - -e?
-1d2
In base 2, what is -11 + 101100?
101001
In base 7, what is 3453 + -23?
3430
In base 5, what is 20230 + 0?
20230
In base 16, what is 19 + -1?
18
In base 6, what is -242 - -1?
-241
In base 13, what is -8 + -4?
-c
In base 16, what is -1 + 41?
40
In base 7, what is 2 - 642?
-640
In base 4, what is -2 + 1221102?
1221100
In base 12, what is -5175 + 1?
-5174
In base 5, what is 4 - -310?
314
In base 9, what is 33 + -2?
31
In base 16, what is 9 + -b?
-2
In base 7, what is -12 - -126?
114
In base 9, what is 24 - -126?
151
In base 6, what is 55 + 13?
112
In base 15, what is -135 - -2?
-133
In base 13, what is a5c + -1?
a5b
In base 11, what is -39 - 1a9?
-237
In base 10, what is -2 + -2357?
-2359
In base 6, what is 3 - 3543?
-3540
In base 12, what is 8 - a?
-2
In base 4, what is 11 - 11202?
-11131
In base 14, what is 6 + 273?
279
In base 8, what is 3 - -1566?
1571
In base 8, what is 17 - 446?
-427
In base 8, what is 3 - 150?
-145
In base 11, what is -1a - 5?
-24
In base 7, what is -4 + 323?
316
In base 16, what is 1 - -cc?
cd
In base 15, what is -3 - -2b?
28
In base 3, what is 20 - 212?
-122
In base 11, what is -3 + -90?
-93
In base 4, what is -200 - -31?
-103
In base 11, what is -3 - -5?
2
In base 5, what is -4 - 12114?
-12123
In base 13, what is c + -18?
-9
In base 16, what is 5b + d?
68
In base 16, what is 8f - 2?
8d
In base 2, what is 1011100 - 11?
1011001
In base 3, what is 101022 - 12?
101010
In base 13, what is -288 + 25?
-263
In base 10, what is 185 + 8?
193
In base 9, what is 77 - 81?
-3
In base 15, what is -e + -a?
-19
In base 13, what is 1 - c05?
-c04
In base 5, what is 34043 + 4?
34102
In base 13, what is -4 - 56?
-5a
In base 2, what is 110111 - 110?
110001
In base 16, what is 8e3 + 4?
8e7
In base 16, what is 1 - -78?
79
In base 14, what is 18 + -175?
-15b
In base 7, what is 60402 + 4?
60406
In base 13, what is 301 - 1?
300
In base 15, what is 1a - 2e?
-14
In base 5, what is -4 - 30?
-34
In base 13, what is 26 + 1?
27
In base 5, what is -12213 - 21?
-12234
In base 5, what is -1 + 31?
30
In base 5, what is -22304 - -1?
-22303
In base 10, what is -852 + 4?
-848
In base 4, what is -11 - 2103121?
-2103132
In base 5, what is -2212 - 1?
-2213
In base 6, what is 342 + 2?
344
In base 15, what is 7 + 1c?
24
In base 8, what is -1676 - -3?
-1673
In base 3, what is -11122 - 201?
-12100
In base 2, what is -10 + 11001110000?
11001101110
In base 10, what is -2 - -3055?
3053
In base 2, what is -1110101011 + 10001?
-1110011010
In base 2, what is 111 - 1010110?
-1001111
In base 9, what is -2 + -1683?
-1685
In base 12, what is -3 + -1050?
-1053
In base 3, what is 0 + -11202?
-11202
In base 16, what is 3 - -59e?
5a1
In base 12, what is -96a - 1?
-96b
In base 5, what is 400 - -122?
1022
In base 4, what is -1 - -3212?
3211
In base 3, what is 12 + 2020?
2102
In base 14, what is 229b + 5?
22a2
In base 16, what is 20a - -1b?
225
In base 10, what is 125 - -97?
222
In base 6, what is -12 - -101?
45
In base 9, what is 323 - 7?
315
In base 4, what is 11 + 3111?
3122
In base 6, what is -5 - -101?
52
In base 16, what is -8 - de?
-e6
In base 12, what is 1a - -2?
20
In base 3, what is 112 - 102?
10
In base 3, what is 10101 + 12?
10120
In base 14, what is a9b + -1?
a9a
In base 13, what is -5b4 + 0?
-5b4
In base 2, what is 10 - 11100?
-11010
In base 9, what is -5 + -34?
-40
In base 6, what is 4100 - 4?
4052
In base 12, what is -4 + -7a7?
-7ab
In base 14, what is -1 - -6?
5
In base 9, what is 1 + 1356?
1357
In base 15, what is -1 + -c8d?
-c8e
In base 11, what is 0 - -220?
220
In base 7, what is -5160 + 5?
-5152
In base 8, what is 3 - 2115?
-2112
In base 11, what is -91 + -2?
-93
In base 12, what is -2 - 525?
-527
In base 15, what is -150 + -20?
-170
In base 8, what is -63 - -67?
4
In base 11, what is 20 + -931?
-911
In base 5, what is -121 + -43?
-214
In base 10, what is -27 + 13?
-14
In base 16, what is -a + -38?
-42
In base 9, what is -164 - 1?
-165
In base 6, what is -2533 + -41?
-3014
In base 11, what is -2 - 386?
-388
In base 12, what is a98 - -1?
a99
In base 4, what is -3 + 3202?
3133
In base 5, what is -22 - -11?
-11
In base 4, what is -112 - -11?
-101
In base 9, what is -1 + 2416?
2415
In base 8, what is -1131 + -1?
-1132
In base 8, what is -2767 + 0?
-2767
In base 5, what is 24041 + 3?
24044
In base 8, what is -5 + -3723?
-3730
In base 8, what is 130726 - 1?
130725
In base 10, what is 1 + 1499?
1500
In base 7, what is -1 - -5640?
5636
In base 3, what is -101011 + -2002?
-110020
In base 12, what is -3 + -410?
-413
In base 4, what is 20120 - -3?
20123
In base 11, what is 37094 - -2?
37096
In base 15, what is -2b - -22?
-9
In base 14, what is -26 + 6?
-20
In base 3, what is 10 + 1001221?
1002001
In base 12, what is -7 - 14?
-1b
In base 11, what is 4 - 217?
-213
In base 3, what is -202 + -11?
-220
In base 15, what is 3c - -19?
56
In base 16, what is 69 + -a?
5f
In base 5, what is -1 - -1312?
1311
In base 11, what is 6 + 109?
114
In base 5, what is -214 + -41?
-310
In base 4, what is 12303 - 2?
12301
In base 3, what is -1 - -21?
20
In base 10, what is -3 - 8?
-11
In base 4, what is -11 + 122?
111
In base 6, what is -1 - -120?
115
In base 14, what is a - 89?
-7d
In base 11, what is 69 + -41?
28
In base 11, what is 14 - -21?
35
In base 15, what is 1b + -a4?
-88
In base 2, what is -110 - 100011?
-101001
In base 7, what is 4 + -125?
-121
In base 3, what is -120 - -1002?
112
In base 2, what is 111111010111 - -10?
111111011001
In base 6, what is 20 + 23?
43
In base 7, what is 5 + 12162?
12200
In base 6, what is -11 + 1122?
1111
In base 6, what is 2422 - -20?
2442
In base 7, what is 0 - 20?
-20
In base 10, what is -3 + 98?
95
In base 11, what is 4 + -1240?
-1237
In base 8, what is 424 + -1?
423
In base 6, what is 5 + 15?
24
In base 2, what is -101 - 111100001?
-111100110
In base 14, what is -2 + -21?
-23
In base 11, what is -1504 + -2?
-1506
In base 3, what is 11 - 10010211?
-10010200
In base 8, what is -6 + -5?
-13
In base 6, what is 2 + -3033?
-3031
In base 13, what is -53 + b4?
61
In base 11, what is -8 + -657?
-664
In base 11, what is -74 + -16?
-8a
In base 2, what is -110100100101100 + -101?
-110100100110001
In base 10, what is 2 + -20?
-18
In base 16, what is 24 - -2?
26
In base 14, what is 607 - 2?
605
In base 16, what is -fd + 1?
-fc
In base 16, what is -1 - 899?
-89a
In base 9, what is 6564 - -1?
6565
In base 14, what is -148 - 5?
-14d
In base 2, what is 10000101111 + -100?
10000101011
In base 4, what is -111 + 113?
2
In base 6, what is -14 - 11?
-25
In base 2, what is 1000 - 1?
111
In base 12, what is 47 + -80?
-35
In base 13, what is 12 + 7?
19
In base 7, what is 334 + -4?
330
In base 2, what is 1011 + 1001